s digit of 18351822?
2
What is the thousands digit of 4090074846?
4
What is the hundred millions digit of 4116522978?
1
What is the tens digit of 651074036?
3
What is the ten thousands digit of 36017693?
1
What is the ten thousands digit of 591267565?
6
What is the units digit of 42945518?
8
What is the ten thousands digit of 588962465?
6
What is the ten millions digit of 10505495?
1
What is the ten thousands digit of 117239046?
3
What is the hundred millions digit of 581456169?
5
What is the thousands digit of 911105359?
5
What is the tens digit of 2409117489?
8
What is the ten millions digit of 518237165?
1
What is the ten thousands digit of 2705066335?
6
What is the hundred millions digit of 421656848?
4
What is the millions digit of 310448707?
0
What is the hundred millions digit of 6021754502?
0
What is the hundreds digit of 1074016662?
6
What is the ten millions digit of 215873303?
1
What is the millions digit of 1606663?
1
What is the hundreds digit of 513351761?
7
What is the tens digit of 255821895?
9
What is the millions digit of 321807370?
1
What is the ten millions digit of 274850221?
7
What is the units digit of 64547975?
5
What is the units digit of 1381255724?
4
What is the ten millions digit of 12669161?
1
What is the units digit of 119553355?
5
What is the hundred millions digit of 556645724?
5
What is the hundreds digit of 3177108312?
3
What is the thousands digit of 208855855?
5
What is the hundred millions digit of 672890127?
6
What is the hundreds digit of 4018033535?
5
What is the units digit of 1224983943?
3
What is the hundred millions digit of 130700271?
1
What is the hundred thousands digit of 403150336?
1
What is the hundred thousands digit of 63832098?
8
What is the thousands digit of 83346496?
6
What is the thousands digit of 350526446?
6
What is the hundred thousands digit of 47460729?
4
What is the ten millions digit of 287353041?
8
What is the tens digit of 99233007?
0
What is the hundred millions digit of 418841777?
4
What is the tens digit of 408706230?
3
What is the thousands digit of 1118609167?
9
What is the hundreds digit of 60632621?
6
What is the ten millions digit of 76172313?
7
What is the tens digit of 429803680?
8
What is the units digit of 21306037?
7
What is the hundred millions digit of 2995981360?
9
What is the millions digit of 1937562564?
7
What is the hundred thousands digit of 13407445?
4
What is the ten thousands digit of 661553939?
5
What is the ten millions digit of 2113000268?
1
What is the hundreds digit of 4624857411?
4
What is the hundred thousands digit of 557296898?
2
What is the tens digit of 2611469812?
1
What is the units digit of 116033793?
3
What is the tens digit of 1742057992?
9
What is the hundreds digit of 66578617?
6
What is the units digit of 1071411626?
6
What is the ten thousands digit of 570438909?
3
What is the hundreds digit of 13086310?
3
What is the hundred thousands digit of 50091214?
0
What is the units digit of 2194326852?
2
What is the hundred millions digit of 4759855534?
7
What is the hundred millions digit of 1495977266?
4
What is the ten millions digit of 45862121?
4
What is the hundred thousands digit of 86877394?
8
What is the ten millions digit of 13690017?
1
What is the thousands digit of 129866540?
6
What is the thousands digit of 50511007?
1
What is the ten millions digit of 384330698?
8
What is the units digit of 330121792?
2
What is the ten millions digit of 29913642?
2
What is the millions digit of 975633910?
5
What is the hundred thousands digit of 49566422?
5
What is the thousands digit of 47601321?
1
What is the hundred thousands digit of 18499191?
4
What is the hundreds digit of 24121344?
3
What is the hundred millions digit of 118996986?
1
What is the ten thousands digit of 49148302?
4
What is the hundred millions digit of 433490462?
4
What is the hundred thousands digit of 44146904?
1
What is the tens digit of 104981539?
3
What is the hundred millions digit of 200044626?
2
What is the units digit of 12969555?
5
What is the tens digit of 234270221?
2
What is the units digit of 3581802496?
6
What is the hundred millions digit of 304141817?
3
What is the hundreds digit of 2100708176?
1
What is the ten thousands digit of 145350020?
5
What is the millions digit of 1261042246?
1
What is the thousands digit of 384333671?
3
What is the thousands digit of 150991495?
1
What is the ten millions digit of 32723556?
3
What is the hundreds digit of 746867121?
1
What is the ten millions digit of 61724052?
6
What is the units digit of 807808653?
3
What is the ten millions digit of 103521298?
0
What is the hundred thousands digit of 66684916?
6
What is the thousands digit of 7281039304?
9
What is the ten thousands digit of 886746362?
4
What is the millions digit of 314790863?
4
What is the hundreds digit of 583865849?
8
What is the units digit of 164687165?
5
What is the ten thousands digit of 375838363?
3
What is the millions digit of 203497425?
3
What is the ten thousands digit of 2149887795?
8
What is the units digit of 259963929?
9
What is the ten millions digit of 44154543?
4
What is the ten millions digit of 62043302?
6
What is the ten millions digit of 1569350292?
6
What is the millions digit of 401087192?
1
What is the hundreds digit of 16399661?
6
What is the hundred millions digit of 1425142828?
4
What is the tens digit of 3232593981?
8
What is the millions digit of 157406835?
7
What is the thousands digit of 880042148?
2
What is the hundred thousands digit of 854226038?
2
What is the tens digit of 1030829229?
2
What is the thousands digit of 5995975?
5
What is the units digit of 569351966?
6
What is the ten millions digit of 93422345?
9
What is the hundred thousands digit of 965066579?
0
What is the ten thousands digit of 1203962562?
6
What is the thousands digit of 41147814?
7
What is the millions digit of 99851772?
9
What is the hundred thousands digit of 467620063?
6
What is the ten millions digit of 136416560?
3
What is the tens digit of 24942222?
2
What is the ten thousands digit of 130334433?
3
What is the units digit of 548094?
4
What is the hundred thousands digit of 2546646959?
6
What is the thousands digit of 2661438486?
8
What is the tens digit of 145843021?
2
What is the ten thousands digit of 71771229?
7
What is the ten thousands digit of 54577447?
7
What is the hundred thousands digit of 121723768?
7
What is the hundred thousands digit of 574531022?
5
What is the units digit of 82123290?
0
What is the units digit of 8404908?
8
What is the ten thousands digit of 171986207?
8
What is the ten thousands digit of 2452588453?
8
What is the hundreds digit of 20767707?
7
What is the hundreds digit of 647298334?
3
What is the hundreds digit of 402782151?
1
What is the units digit of 145757542?
2
What is the millions digit of 95869084?
5
What is the ten millions digit of 1386706580?
8
What is the ten thousands digit of 30135962?
3
What is the millions digit of 3730951794?
0
What is the ten millions digit of 7358540948?
5
What is the millions digit of 705207001?
5
What is the units digit of 29787563?
3
What is the hundreds digit of 113780266?
2
What is the units digit of 452187047?
7
What is the tens digit of 710109135?
3
What is the ten millions digit of 593648283?
9
What is the ten thousands digit of 893415770?
1
What is the millions digit of 101486730?
1
What is the ten thousands digit of 16957217?
5
What is the billions digit of 3863344781?
3
What is the hundred millions digit of 136772760?
1
What is the thousands digit of 137391097?
1
What is the ten millions digit of 878143014?
7
What is the ten thousands digit of 44559090?
5
What is the hundred millions digit of 195190645?
1
What is the units digit of 817052740?
0
What is the hundreds digit of 6729596?
5
What is the ten millions digit of 31027949?
3
What is the hundred thousands digit of 638164593?
1
What is the millions digit of 122786840?
2
What is the millions digit of 75001156?
5
What is the tens digit of 672325677?
7
What is the hundred thousands digit of 1483277938?
2
What is the ten thousands digit of 797050217?
5
What is the hundreds digit of 62445075?
0
What is the hundred millions digit of 536237552?
5
What is the ten millions digit of 15419867?
1
What is the thousands digit 